*o**3 + 17 + o**2. List the prime factors of b(-1).
5, 17
Let j be (-65)/35 + (-2)/14. Let m be (-2 - j - -4 - -20)/2. Let y = 64 + m. List the prime factors of y.
2, 19
Suppose 0 = 3*w + 2*w - 1020. Suppose -2*b + 272 + 216 = 5*f, -20 = -5*b. What are the prime factors of w*((-8)/f - 3/(-4))?
2, 17
Suppose -2*n + n + 5*t = -136, 4*n = -t + 607. Let v = 1003 - n. What are the prime factors of v?
2, 3, 71
Let h(s) = -4*s**2 - 69*s - 33. Let y(u) = 12*u - 172. Let b be y(13). What are the prime factors of h(b)?
47
Let v = 29431 + -29240. What are the prime factors of v?
191
Let a = 30 + 318. Suppose -2*g = 4*r - a, 6*r - 3*g + 170 = 8*r. What are the prime factors of r?
2, 11
Suppose 3*q - 3*f = -0*q, -5*q - 5*f - 50 = 0. What are the prime factors of (2 + q)/(4 - 490/122)?
3, 61
Let r(z) = 1487*z - 83. What are the prime factors of r(8)?
11813
Suppose -12 + 9 = -3*v. Let b(q) = -v - 3*q**2 + 2*q**2 - 23*q + 3. List the prime factors of b(-19).
2, 3, 13
Let l be ((-28)/(-8) + -4)/1*0. Suppose -1 = 2*s + x, 1 = 2*s - x - l. Let r(w) = w**3 - w**2 + 2*w + 136. List the prime factors of r(s).
2, 17
Let z(n) = 532*n**2 - 2*n. Let w = 68 + -67. What are the prime factors of z(w)?
2, 5, 53
Suppose 4*f = 5*y + 203423, 185*f - 5*y + 50812 = 186*f. List the prime factors of f.
3, 17, 997
Let c be (17 - 1) + (-196)/28. Suppose -c*h + 4665 = 507. What are the prime factors of h?
2, 3, 7, 11
Let x(r) = 10*r - 10. Let i(s) = 2*s - 16. Let u be i(8). Let p be u + -3*16/(-6). What are the prime factors of x(p)?
2, 5, 7
Let u be 1 - ((-5400)/(-175))/((-1)/14). Suppose -3*a + 4*c + 719 = 2*a, 2*c + u = 3*a. What are the prime factors of a?
3, 7
Suppose 3*m + 2*k = 20, m + 5*k - 14 = -3. Suppose 10*d + 14 + m = 0. List the prime factors of 14/4 - 2 - 337/d.
2, 5, 17
Let a be (9570/(-12) + -6)*-2. Suppose -4*r = -3*l - a, l - 2*l = r - 400. What are the prime factors of r?
401
Let a = -4446 + 9617. List the prime factors of a.
5171
Let l = -11879 + 22538. What are the prime factors of l?
3, 11, 17, 19
Let o(x) = x**3 + 18*x**2 - 16*x - 25. Suppose 249*i = 245*i - 64. What are the prime factors of o(i)?
743
Let b(r) = 1306*r**2 - 160*r + 1096. List the prime factors of b(6).
2, 7, 421
Let j = -93 - -101. Suppose -j = -s + 4*z - 7, 3*s = -3*z + 48. Suppose -8*w + s = -107. What are the prime factors of w?
3, 5
Let y(i) = -i**3 + 73*i**2 - 15*i - 156. What are the prime factors of y(23)?
7, 11, 337
Suppose -14*v = -8*v + 48. Let p be 3/2 - (-60)/v. What are the prime factors of 48/20*(-615)/p?
2, 3, 41
Let z(s) = s**3 + 137*s**2 + 368*s + 1109. What are the prime factors of z(-132)?
19, 2087
List the prime factors of (-22434)/(-14) - 864/(-1512) - 7/(-1).
2, 5, 7, 23
Let q(c) = -3458*c + 3822. What are the prime factors of q(-4)?
2, 7, 13, 97
List the prime factors of (-292)/(-18)*(-77 + 1418).
2, 73, 149
Suppose -3*j + 2*t + 2711 = 3*t, -3*j + 2695 = 5*t. Suppose 2*s - 15 = -s, -3*r + j = -5*s. List the prime factors of r.
2, 5, 31
Suppose -11*k + 281369 + 158941 = 15*k. List the prime factors of k.
3, 5, 1129
Suppose 5*q = j + 38309, -126*q = -125*q + j - 7669. What are the prime factors of q?
79, 97
Let c be 36/(-6) + (24 - -3). Suppose -c*m + 1088 = -13*m. What are the prime factors of m?
2, 17
Let o be 9*((-4)/3 + 0). Let i be (o/4 - -4)/((-2)/(-4)). Suppose -3*y + 48 = -5*k + 393, -y = i*k - 127. What are the prime factors of k?
2, 3, 11
Let l(k) = -4*k - 6. Let w be l(1). Let m = w + 319. List the prime factors of m.
3, 103
What are the prime factors of (-6)/(-10)*652290/153?
2, 1279
Suppose 201*w - 204*w = 3*g - 8229, 5*g - 5483 = -2*w. List the prime factors of w.
2, 7
Suppose -38*h = -39*h - 26. Let i = h + 275. List the prime factors of i.
3, 83
Let f(c) = -c + 29. Let g be f(14). Let v be (g + -13)/(2 + 0). List the prime factors of v/(((-2)/(-2))/1)*25.
5
Let c = -21 - -17. Let i be 274 - (-3 - -19)/c. Suppose -5*u + i - 133 = 0. List the prime factors of u.
29
Let a(o) = -25*o**2 - 3*o. Let u be a(-2). Suppose -3*q + 5*q - 287 = -3*c, -3*c = -3*q + 423. Let z = q + u. What are the prime factors of z?
2, 3
Suppose 5*r + 23 = 2*p, -7*p - 27 = -10*p + 5*r. Suppose 3*t - o = 2576, -4*t - p*o + 4038 = 630. List the prime factors of t.
857
Let s = -77156 - -127364. List the prime factors of s.
2, 3, 523
Suppose 5*o - 3*z = 30, 0*z + 4*z + 20 = 0. Let w = 302 - 300. Suppose o*l - 46 = -w*c + 5, 54 = 3*l + 3*c. What are the prime factors of l?
3, 5
Let u(c) = -c - 10. Let d be u(-18). List the prime factors of (234/d)/((-72)/(-960)).
2, 3, 5, 13
Suppose 6660*u - 114291 = 6643*u. What are the prime factors of u?
3, 83
Let s = 54 + -36. Let z be -4 - s/(-4) - (-15)/6. Suppose -z*k + 344 = -58. What are the prime factors of k?
2, 67
Let i(m) be the first derivative of -2*m**2 + 108*m + 18. List the prime factors of i(7).
2, 5
Suppose 0 = 5*r + 9 - 29. Let i(k) = -k**2 - 7*k + 200. Let a be i(-18). Suppose -2*w + r*x = -x - 27, -5*w + a*x = -57. What are the prime factors of w?
11
Let d = -1670 + 8815. What are the prime factors of d?
5, 1429
Let q(x) = x - 7. Suppose 36 = 5*p - 3*y, 0 = -0*p + 2*p - 4*y - 6. Let k be q(p). Suppose 3*l + 0*f - 470 = k*f, 3*l - 478 = -2*f. List the prime factors of l.
2, 79
Let p(u) = -u**3 - 2*u**2 - 27*u - 2. Let l = -63 - -54. List the prime factors of p(l).
2, 101
What are the prime factors of (-12)/(120/(-72170)) + -12?
5, 11, 131
Let m(d) = -d**2 + 15*d - 8. Let v(a) = a**2 - 15*a + 4. Let c be v(15). Suppose -52 = -4*s - 4*t, -25 = -0*s - c*s + 5*t. What are the prime factors of m(s)?
2, 3, 7
What are the prime factors of 287958/30 + 3/((-120)/(-16))?
29, 331
Let f(o) = -1710*o + 482. List the prime factors of f(-4).
2, 7, 523
Let u(s) = 4*s**2 + 15*s + 2 + 10 + 34. List the prime factors of u(-7).
137
Let k(q) be the first derivative of -19*q**2/2 + q + 83. What are the prime factors of k(-16)?
5, 61
Suppose 0 = -304*u + 416*u - 7928256. What are the prime factors of u?
2, 3, 17, 347
Let r(y) = -y**3 - 12*y**2 - 7*y + 25. Let w = -214 - -135. Let o = 67 + w. List the prime factors of r(o).
109
Let c = -217 + 66. Suppose 195 = -5*a - 20. Let i = a - c. List the prime factors of i.
2, 3
Let n(c) = c - 87 - 19*c + 107. Let x be n(-20). Let t = x + -259. What are the prime factors of t?
11
Suppose 0 = -54*h + 5*h + 156457. What are the prime factors of h?
31, 103
Suppose -5*j - 4*m + 7 = -28, -3*j + 21 = m. Let t(b) = b**3 - 7*b - 17. List the prime factors of t(j).
277
List the prime factors of (50/5)/(28/3150).
3, 5
List the prime factors of (-11884)/5*(-21 - -16).
2, 2971
Let f = 10213 + -3542. List the prime factors of f.
7, 953
Let d be -3 + 6 - (4 - (3 + -2)). Suppose d = 15*g - 39*g + 6552. List the prime factors of g.
3, 7, 13
Let w(x) = -193*x + 1137. List the prime factors of w(-54).
3, 3853
Let n = 50 + -25. Suppose -3*r = 2*r + n. Let h(u) = -14*u + 2. What are the prime factors of h(r)?
2, 3
Let i be (2 - 2) + (-5 - -1 - -7). Let d(s) = 74*s - 18. Let h be d(i). Suppose 2*m - h = y, 5*m + 5*y = 2*m + 332. List the prime factors of m.
2, 13
List the prime factors of ((-244)/10 + 22)/(28306/(-28300) - -1).
2, 5, 283
Suppose 37*s = 34*s + 4*p - 37, 3*p + 30 = -3*s. Let c(a) = 5*a**2 - 3*a + 88. What are the prime factors of c(s)?
2, 3, 11
Suppose 3*h - 4*k - 1 - 1 = 0, k + 2 = 0. What are the prime factors of ((-8)/(-16))/(h/(-424))?
2, 53
Let c = 34646 + -20565. List the prime factors of c.
14081
Suppose 0 = -9*d + 479 - 1262. Let o = d + 76. Let t(j) = -j**3 - 11*j**2 - 4*j + 12. List the prime factors of t(o).
2, 7
Suppose -o - 34*k = -39*k - 69734, 2*o = -2*k + 139408. What are the prime factors of o?
69709
Suppose -138232 = -3*q - 2*x, 0 = -3*q + 24*x - 21*x + 138252. List the prime factors of q.
2, 3, 5
Suppose -16 = -2*b - 4*i, -5*b - 2*i = -9*b + 12. What are the prime factors of 3*b/(12/107)?
107
Let z = -39 + 50. Suppose z*o = 9*o + 716. Suppose -o = -3*p - 28. List the prime factors of p.
2, 5, 11
Let p = 7799 - -3355. List the prime factors of p.
2, 3, 11, 13
Suppose 2*l = -102 - 36. Let p(w) = -23*w**3 + 2*w**2 + w - 2. Let m be p(1). Let h = m - l. List the prime factors of h.
47
Let g(i) = -2*i + 1. Let h be g(-1). Suppose -h*v + 4 = -7*v, -1797 = -5*b - 3*v. List the prime factors of b.
2, 3, 5
Sup